alse
Is 1196323 a composite number?
False
Is 3507211 a prime number?
True
Is 10827923 composite?
False
Is 3952198 a prime number?
False
Is 3507197 a prime number?
True
Is 3499471 prime?
False
Is 2014097 composite?
False
Is 460651 prime?
False
Is 1117673 a prime number?
True
Is 30047305 prime?
False
Is 5069809 composite?
True
Is 44572549 a composite number?
True
Is 1007711 a prime number?
True
Is 1148379317 composite?
True
Is 32096767 a composite number?
True
Is 18099437 prime?
True
Is 1339884209 a prime number?
True
Is 294131177 composite?
False
Is 122419127 composite?
False
Is 517993 a composite number?
True
Is 105868879 a prime number?
False
Is 21897949 composite?
False
Is 10118429 composite?
False
Is 156994037 prime?
False
Is 8734441 prime?
True
Is 595109 composite?
True
Is 207326957 prime?
True
Is 57057521 composite?
True
Is 18954193 prime?
True
Is 29977 a composite number?
True
Is 1141447 a prime number?
True
Is 33418193 prime?
False
Is 1953233 a prime number?
True
Is 2787859 a composite number?
False
Is 234010573 prime?
True
Is 2388917 composite?
True
Is 10377683 a prime number?
True
Is 238784377 prime?
False
Is 3486919 composite?
False
Is 6661379 composite?
False
Is 9182021 a prime number?
True
Is 80678057 composite?
False
Is 19016747 composite?
False
Is 286848943 composite?
True
Is 9765194 a composite number?
True
Is 2511083 a composite number?
False
Is 4765057 a composite number?
True
Is 61641887 prime?
True
Is 64461497 composite?
True
Is 20165837 a prime number?
False
Is 15208147 a composite number?
True
Is 3859651 prime?
False
Is 53327561 a composite number?
True
Is 800908111 prime?
True
Is 81319663 a prime number?
True
Is 166010723 prime?
True
Is 37527773 a composite number?
False
Is 9362149 a prime number?
False
Is 158843 a composite number?
False
Is 70051853 a composite number?
True
Is 71863379 a prime number?
False
Is 390474677 composite?
True
Is 991527 prime?
False
Is 14881117 prime?
True
Is 18452631 a prime number?
False
Is 315026 composite?
True
Is 15430609 a composite number?
True
Is 9175013 a composite number?
False
Is 143500109 a prime number?
True
Is 319919 prime?
True
Is 50877691 composite?
False
Is 200084221 prime?
True
Is 60688877 a prime number?
True
Is 471181301 a prime number?
True
Is 1281413 a composite number?
True
Is 1317943 a composite number?
True
Is 483969 prime?
False
Is 194951 prime?
False
Is 60410453 a composite number?
False
Is 3707395 composite?
True
Is 10097923 prime?
False
Is 9906917 a prime number?
True
Is 5140271 prime?
True
Is 26627 a composite number?
False
Is 245879 a composite number?
True
Is 12261311 a prime number?
True
Is 844601 prime?
True
Is 316058753 a prime number?
True
Is 257695177 prime?
True
Is 128559471 a composite number?
True
Is 5118721 a composite number?
True
Is 9738665 a composite number?
True
Is 82388489 a prime number?
True
Is 1308029 a prime number?
True
Is 48032273 composite?
True
Is 22016261 prime?
True
Is 21476201 a composite number?
False
Is 3572819 a prime number?
True
Is 9506761 a composite number?
True
Is 5154847 a composite number?
True
Is 6503437 composite?
True
Is 5125427 a prime number?
True
Is 222791323 composite?
False
Is 9240277 a composite number?
True
Is 47434291 composite?
False
Is 6509029 a prime number?
False
Is 57911461 prime?
True
Is 539477 a composite number?
True
Is 1617137 composite?
False
Is 374827 a prime number?
False
Is 1650557963 a prime number?
True
Is 451021873 a prime number?
True
Is 910691 composite?
False
Is 534699257 prime?
True
Is 2986031 composite?
False
Is 18162661 a prime number?
False
Is 175610441 a prime number?
False
Is 2994031 composite?
False
Is 9114397 prime?
False
Is 347786269 a composite number?
False
Is 11421479 prime?
False
Is 9431479 composite?
False
Is 5000387 a prime number?
False
Is 720179 a prime number?
True
Is 246287 prime?
False
Is 208269727 a composite number?
True
Is 27995477 a prime number?
True
Is 274341545 prime?
False
Is 4606313 a composite number?
False
Is 22042439 prime?
False
Is 226991 a prime number?
True
Is 1280735659 a composite number?
True
Is 226976889 prime?
False
Is 11948221 a composite number?
False
Is 76532803 a composite number?
False
Is 3354623 prime?
False
Is 225119 composite?
False
Is 126367421 a prime number?
True
Is 11815819 a prime number?
True
Is 3010661 prime?
False
Is 4372241 a prime number?
True
Is 6457741 a prime number?
True
Is 8504203 prime?
True
Is 74077343 prime?
False
Is 75447839 a composite number?
True
Is 16352867 a prime number?
True
Is 4245143 prime?
False
Is 1522483 a composite number?
False
Is 3376039 prime?
False
Is 1133777 a prime number?
True
Is 19111861 a composite number?
False
Is 52411693 composite?
False
Is 3286091 composite?
False
Is 123214021 prime?
False
Is 1081477 a prime number?
True
Is 95947751 a composite number?
True
Is 10072221 prime?
False
Is 15268811 composite?
False
Is 19203667 a composite number?
True
Is 14041451 prime?
True
Is 41535217 composite?
True
Is 33763013 a composite number?
False
Is 339911939 a prime number?
True
Is 3769633 composite?
True
Is 316970677 a prime number?
True
Is 1352749879 prime?
False
Is 431579627 prime?
True
Is 4987501 a prime number?
True
Is 406789939 composite?
False
Is 124758247 a prime number?
True
Is 20020939 a composite number?
True
Is 104226569 a composite number?
False
Is 31239269 composite?
True
Is 34372199 a composite number?
False
Is 54286 a prime number?
False
Is 7609577 a composite number?
False
Is 17326549 a prime number?
False
Is 217054417 prime?
True
Is 880331 a prime number?
True
Is 1531591 a composite number?
False
Is 471937801 a composite number?
False
Is 934001 composite?
False
Is 254496481 composite?
False
Is 34161191 a prime number?
True
Is 31183357 a prime number?
True
Is 72550999 prime?
True
Is 4709507 a prime number?
False
Is 335073209 composite?
False
Is 9073709 a composite number?
False
Is 344768161 a prime number?
False
Is 451427 prime?
False
Is 45732461 a prime number?
True
Is 541927 a prime number?
True
Is 160852586 a composite number?
True
Is 920427 a prime number?
False
Is 990979 composite?
True
Is 19710947 composite?
True
Is 99117299 a composite number?
False
Is 3221899 a prime number?
True
Is 11336411 a composite number?
False
Is 12880649 a prime number?
True
Is 1663457 a composite number?
False
Is 19313959 a prime number?
False
Is 5804239 a prime number?
False
Is 93414467 prime?
True
Is 16964894 a prime number?
False
Is 1083559 a composite number?
False
Is 626566673 a prime number?
True
Is 15187 a composite number?
False
Is 42871529 a composite number?
False
Is 382574159 a composite number?
True
Is 28711069 prime?
True
Is 11966587 a prime number?
False
Is 28661291 composite?
True
Is 2886827 a prime number?
False
Is 287721979 a prime number?
True
Is 13919557 composite?
True
Is 584170205 prime?
False
Is 71913559 prime?
True
Is 670107281 a composite number?
True
Is 5244907 composite?
True
Is 2211607 a composite number?
True
Is 7196837 a composite number?
True
Is 581664026 composite?
True
Is 60802811 a composite number?
True
Is 516935383 composite?
False
Is 1156992259 composite?
False
Is 64253549 a prime number?
True
Is 16731959 a composite number?
False
Is 11503131 prime?
False
Is 104603831 a composite number?
False
Is 25979233 a prime number?
False
Is 5321263 prime?
True
Is 10185127 a prime number?
True
Is 75655319 a prime number?
True
Is 569957 a prime number?
True
Is 15741109 composite?
False
Is 356529 a prime number?
False
Is 42176149 composite?
False
Is 614611 a composite number?
False
Is 3060047 composite?
False
Is 94799903 a prime number?
False
Is 1462741 prime?
False
Is 31068281 composite?
False
Is 41058371 a composite number?
False
Is 28418693 prime?
True
Is 1027 a prime number?
False
Is 6275513 a composite number?
True
Is 90349419 a composite number?
True
Is 48137603 a composite number?
True
Is 348036389 a composite number?
False
Is 634407 a prime number?
False
Is 18256241 prime?
False
Is 4651133 composite?
False
Is 209998 prime?
False
Is 17877007 composite?
True
Is 5762123 composite?
False
Is 5898103 composite?
True
Is 48687451 composite?
False
Is 1756741 a composite number?
True
Is 19636081 composite?
False
Is 111375034 a prime number?
False
Is 11146753 a prime number?
True
Is 3192293 a pr